{"id":2457,"date":"2025-01-31T17:27:51","date_gmt":"2025-01-31T16:27:51","guid":{"rendered":"https:\/\/societe-arcym.com\/?post_type=product&#038;p=2457"},"modified":"2025-03-01T08:40:22","modified_gmt":"2025-03-01T07:40:22","slug":"combinaison","status":"publish","type":"product","link":"https:\/\/www.societe-arcym.com\/?product=combinaison","title":{"rendered":"Combinaison de travail"},"content":{"rendered":"<p>V\u00eatement de type 4\/5\/6 combinaison de travail avec bande r\u00e9fl\u00e9chissante<\/p>\n<p><strong>Mat\u00e9riel<\/strong>\u00a0: Tr\u00e8s l\u00e9ger, poreux et tr\u00e8s respirant microporeux<\/p>\n<p><strong>Taille<\/strong>\u00a0: S \/ 3XL<\/p>\n<p><strong>Style<\/strong>\u00a0:<\/p>\n<ul>\n<li>Couture \u00e9tanche<\/li>\n<li>Capuche, taille, poignets et chevilles \u00e9lastique<\/li>\n<\/ul>\n<p><strong>Application<\/strong>\u00a0: H\u00f4pital, h\u00f4tel, zone de peinture et atelier anti-poussi\u00e8re<\/p>\n<p><strong>Emballage<\/strong>\u00a0: 1 pi\u00e8ce \/ Sac<\/p>\n","protected":false},"excerpt":{"rendered":"<p>V\u00eatement de type 4\/5\/6 combinaison de travail avec bande r\u00e9fl\u00e9chissante Mat\u00e9riel\u00a0: Tr\u00e8s l\u00e9ger, poreux et tr\u00e8s respirant microporeux Taille\u00a0: S \/ 3XL Style\u00a0: Couture \u00e9tanche Capuche, taille, poignets et chevilles \u00e9lastique Application\u00a0: H\u00f4pital, h\u00f4tel, zone de peinture et atelier anti-poussi\u00e8re Emballage\u00a0: 1 pi\u00e8ce \/ Sac<\/p>\n","protected":false},"featured_media":1821,"comment_status":"open","ping_status":"closed","template":"","meta":[],"product_brand":[],"product_cat":[60],"product_tag":[],"class_list":{"0":"post-2457","1":"product","2":"type-product","3":"status-publish","4":"has-post-thumbnail","6":"product_cat-vetements","8":"first","9":"instock","10":"virtual","11":"product-type-simple"},"_links":{"self":[{"href":"https:\/\/www.societe-arcym.com\/index.php?rest_route=\/wp\/v2\/product\/2457","targetHints":{"allow":["GET"]}}],"collection":[{"href":"https:\/\/www.societe-arcym.com\/index.php?rest_route=\/wp\/v2\/product"}],"about":[{"href":"https:\/\/www.societe-arcym.com\/index.php?rest_route=\/wp\/v2\/types\/product"}],"replies":[{"embeddable":true,"href":"https:\/\/www.societe-arcym.com\/index.php?rest_route=%2Fwp%2Fv2%2Fcomments&post=2457"}],"wp:featuredmedia":[{"embeddable":true,"href":"https:\/\/www.societe-arcym.com\/index.php?rest_route=\/wp\/v2\/media\/1821"}],"wp:attachment":[{"href":"https:\/\/www.societe-arcym.com\/index.php?rest_route=%2Fwp%2Fv2%2Fmedia&parent=2457"}],"wp:term":[{"taxonomy":"product_brand","embeddable":true,"href":"https:\/\/www.societe-arcym.com\/index.php?rest_route=%2Fwp%2Fv2%2Fproduct_brand&post=2457"},{"taxonomy":"product_cat","embeddable":true,"href":"https:\/\/www.societe-arcym.com\/index.php?rest_route=%2Fwp%2Fv2%2Fproduct_cat&post=2457"},{"taxonomy":"product_tag","embeddable":true,"href":"https:\/\/www.societe-arcym.com\/index.php?rest_route=%2Fwp%2Fv2%2Fproduct_tag&post=2457"}],"curies":[{"name":"wp","href":"https:\/\/api.w.org\/{rel}","templated":true}]}}