{"id":2593,"date":"2025-02-01T22:37:53","date_gmt":"2025-02-01T21:37:53","guid":{"rendered":"https:\/\/societe-arcym.com\/?post_type=product&#038;p=2593"},"modified":"2025-03-01T08:08:28","modified_gmt":"2025-03-01T07:08:28","slug":"blouse-de-laboratoire","status":"publish","type":"product","link":"https:\/\/www.societe-arcym.com\/?product=blouse-de-laboratoire","title":{"rendered":"Blouse de laboratoire"},"content":{"rendered":"<p><strong>Mat\u00e8riel<\/strong>\u00a0: j\u00e9table non tiss\u00e9 PP\/SMS<\/p>\n<p><strong>Poids<\/strong> : 35 Gr<\/p>\n<p><strong>Taille<\/strong>\u00a0: S \/ M \/ L \/ XL \/ XXL<\/p>\n<p><strong>Couleur<\/strong>\u00a0: Blanc \/ Bleu<\/p>\n<p><strong>Caract\u00e9ristique<\/strong>\u00a0: respirant, confortable, hygi\u00e9nique, biod\u00e9gradable, non-irritant, hypoallerg\u00e9nique et sans latex.<\/p>\n<p><strong>Application<\/strong>\u00a0: laboratoires, usines, centre immobiliers, salles d&rsquo;exposition, mus\u00e9es, biblioth\u00e8ques, h\u00f4pital, industrie alimentaire et \u00e9lectronique, Etc.<\/p>\n<p><strong>Certificat<\/strong>\u00a0: ISO9001<\/p>\n","protected":false},"excerpt":{"rendered":"<p>Mat\u00e8riel\u00a0: j\u00e9table non tiss\u00e9 PP\/SMS Poids : 35 Gr Taille\u00a0: S \/ M \/ L \/ XL \/ XXL Couleur\u00a0: Blanc \/ Bleu Caract\u00e9ristique\u00a0: respirant, confortable, hygi\u00e9nique, biod\u00e9gradable, non-irritant, hypoallerg\u00e9nique et sans latex. Application\u00a0: laboratoires, usines, centre immobiliers, salles d&rsquo;exposition, mus\u00e9es, biblioth\u00e8ques, h\u00f4pital, industrie alimentaire et \u00e9lectronique, Etc. Certificat\u00a0: ISO9001<\/p>\n","protected":false},"featured_media":1831,"comment_status":"open","ping_status":"closed","template":"","meta":[],"product_brand":[],"product_cat":[81],"product_tag":[],"class_list":{"0":"post-2593","1":"product","2":"type-product","3":"status-publish","4":"has-post-thumbnail","6":"product_cat-hygiene","8":"first","9":"instock","10":"shipping-taxable","11":"product-type-simple"},"_links":{"self":[{"href":"https:\/\/www.societe-arcym.com\/index.php?rest_route=\/wp\/v2\/product\/2593","targetHints":{"allow":["GET"]}}],"collection":[{"href":"https:\/\/www.societe-arcym.com\/index.php?rest_route=\/wp\/v2\/product"}],"about":[{"href":"https:\/\/www.societe-arcym.com\/index.php?rest_route=\/wp\/v2\/types\/product"}],"replies":[{"embeddable":true,"href":"https:\/\/www.societe-arcym.com\/index.php?rest_route=%2Fwp%2Fv2%2Fcomments&post=2593"}],"wp:featuredmedia":[{"embeddable":true,"href":"https:\/\/www.societe-arcym.com\/index.php?rest_route=\/wp\/v2\/media\/1831"}],"wp:attachment":[{"href":"https:\/\/www.societe-arcym.com\/index.php?rest_route=%2Fwp%2Fv2%2Fmedia&parent=2593"}],"wp:term":[{"taxonomy":"product_brand","embeddable":true,"href":"https:\/\/www.societe-arcym.com\/index.php?rest_route=%2Fwp%2Fv2%2Fproduct_brand&post=2593"},{"taxonomy":"product_cat","embeddable":true,"href":"https:\/\/www.societe-arcym.com\/index.php?rest_route=%2Fwp%2Fv2%2Fproduct_cat&post=2593"},{"taxonomy":"product_tag","embeddable":true,"href":"https:\/\/www.societe-arcym.com\/index.php?rest_route=%2Fwp%2Fv2%2Fproduct_tag&post=2593"}],"curies":[{"name":"wp","href":"https:\/\/api.w.org\/{rel}","templated":true}]}}