{"id":2704,"date":"2025-02-02T16:34:54","date_gmt":"2025-02-02T15:34:54","guid":{"rendered":"https:\/\/societe-arcym.com\/?post_type=product&#038;p=2704"},"modified":"2025-02-28T23:13:04","modified_gmt":"2025-02-28T22:13:04","slug":"gants-de-soudage","status":"publish","type":"product","link":"https:\/\/www.societe-arcym.com\/?product=gants-de-soudage","title":{"rendered":"Gants de soudage en cuir"},"content":{"rendered":"<p>Sp\u00e9cification<br \/>\n<strong>Nom du produit :\u00a0<\/strong>Gants de soudage<br \/>\n<strong>Mod\u00e8le :\u00a0<\/strong>GHN003<br \/>\n<strong>Mat\u00e9riel :\u00a0<\/strong>Mat\u00e9riaux en cuir de vache<br \/>\n<strong>Caract\u00e9ristiques :<\/strong>\u00a0confortable, r\u00e9sistant \u00e0 la traction, ignifuge, r\u00e9sistant aux \u00e9claboussures<br \/>\n<strong>Application :\u00a0<\/strong>Travail de soudure, op\u00e9ration de d\u00e9coupage, de fonte de fer et d&rsquo;acier.<\/p>\n","protected":false},"excerpt":{"rendered":"<p>Sp\u00e9cification Nom du produit :\u00a0Gants de soudage Mod\u00e8le :\u00a0GHN003 Mat\u00e9riel :\u00a0Mat\u00e9riaux en cuir de vache Caract\u00e9ristiques :\u00a0confortable, r\u00e9sistant \u00e0 la traction, ignifuge, r\u00e9sistant aux \u00e9claboussures Application :\u00a0Travail de soudure, op\u00e9ration de d\u00e9coupage, de fonte de fer et d&rsquo;acier.<\/p>\n","protected":false},"featured_media":2696,"comment_status":"open","ping_status":"closed","template":"","meta":[],"product_brand":[],"product_cat":[64],"product_tag":[],"class_list":{"0":"post-2704","1":"product","2":"type-product","3":"status-publish","4":"has-post-thumbnail","6":"product_cat-gants","8":"first","9":"instock","10":"shipping-taxable","11":"product-type-simple"},"_links":{"self":[{"href":"https:\/\/www.societe-arcym.com\/index.php?rest_route=\/wp\/v2\/product\/2704","targetHints":{"allow":["GET"]}}],"collection":[{"href":"https:\/\/www.societe-arcym.com\/index.php?rest_route=\/wp\/v2\/product"}],"about":[{"href":"https:\/\/www.societe-arcym.com\/index.php?rest_route=\/wp\/v2\/types\/product"}],"replies":[{"embeddable":true,"href":"https:\/\/www.societe-arcym.com\/index.php?rest_route=%2Fwp%2Fv2%2Fcomments&post=2704"}],"wp:featuredmedia":[{"embeddable":true,"href":"https:\/\/www.societe-arcym.com\/index.php?rest_route=\/wp\/v2\/media\/2696"}],"wp:attachment":[{"href":"https:\/\/www.societe-arcym.com\/index.php?rest_route=%2Fwp%2Fv2%2Fmedia&parent=2704"}],"wp:term":[{"taxonomy":"product_brand","embeddable":true,"href":"https:\/\/www.societe-arcym.com\/index.php?rest_route=%2Fwp%2Fv2%2Fproduct_brand&post=2704"},{"taxonomy":"product_cat","embeddable":true,"href":"https:\/\/www.societe-arcym.com\/index.php?rest_route=%2Fwp%2Fv2%2Fproduct_cat&post=2704"},{"taxonomy":"product_tag","embeddable":true,"href":"https:\/\/www.societe-arcym.com\/index.php?rest_route=%2Fwp%2Fv2%2Fproduct_tag&post=2704"}],"curies":[{"name":"wp","href":"https:\/\/api.w.org\/{rel}","templated":true}]}}