{"id":2716,"date":"2025-02-03T09:36:47","date_gmt":"2025-02-03T08:36:47","guid":{"rendered":"https:\/\/societe-arcym.com\/?post_type=product&#038;p=2716"},"modified":"2025-02-28T22:49:30","modified_gmt":"2025-02-28T21:49:30","slug":"casque-de-securite-avec-ceinture-reglable","status":"publish","type":"product","link":"https:\/\/www.societe-arcym.com\/?product=casque-de-securite-avec-ceinture-reglable","title":{"rendered":"Casque de s\u00e9curit\u00e9 avec ceinture r\u00e9glable"},"content":{"rendered":"<p>Casque de se\u0301curite\u0301 avec ceinture re\u0301glable<\/p>\n<p><strong>Couleur :\u00a0<\/strong>Rouge, jaune, bleu, blanc. Etc<\/p>\n<p><strong>Mate\u0301riaux : <\/strong>Plastique, ABS, HDPE etc<\/p>\n","protected":false},"excerpt":{"rendered":"<p>Casque de se\u0301curite\u0301 avec ceinture re\u0301glable Couleur :\u00a0Rouge, jaune, bleu, blanc. Etc Mate\u0301riaux : Plastique, ABS, HDPE etc<\/p>\n","protected":false},"featured_media":2117,"comment_status":"open","ping_status":"closed","template":"","meta":[],"product_brand":[],"product_cat":[74],"product_tag":[],"class_list":{"0":"post-2716","1":"product","2":"type-product","3":"status-publish","4":"has-post-thumbnail","6":"product_cat-tete","8":"first","9":"instock","10":"shipping-taxable","11":"product-type-simple"},"_links":{"self":[{"href":"https:\/\/www.societe-arcym.com\/index.php?rest_route=\/wp\/v2\/product\/2716","targetHints":{"allow":["GET"]}}],"collection":[{"href":"https:\/\/www.societe-arcym.com\/index.php?rest_route=\/wp\/v2\/product"}],"about":[{"href":"https:\/\/www.societe-arcym.com\/index.php?rest_route=\/wp\/v2\/types\/product"}],"replies":[{"embeddable":true,"href":"https:\/\/www.societe-arcym.com\/index.php?rest_route=%2Fwp%2Fv2%2Fcomments&post=2716"}],"wp:featuredmedia":[{"embeddable":true,"href":"https:\/\/www.societe-arcym.com\/index.php?rest_route=\/wp\/v2\/media\/2117"}],"wp:attachment":[{"href":"https:\/\/www.societe-arcym.com\/index.php?rest_route=%2Fwp%2Fv2%2Fmedia&parent=2716"}],"wp:term":[{"taxonomy":"product_brand","embeddable":true,"href":"https:\/\/www.societe-arcym.com\/index.php?rest_route=%2Fwp%2Fv2%2Fproduct_brand&post=2716"},{"taxonomy":"product_cat","embeddable":true,"href":"https:\/\/www.societe-arcym.com\/index.php?rest_route=%2Fwp%2Fv2%2Fproduct_cat&post=2716"},{"taxonomy":"product_tag","embeddable":true,"href":"https:\/\/www.societe-arcym.com\/index.php?rest_route=%2Fwp%2Fv2%2Fproduct_tag&post=2716"}],"curies":[{"name":"wp","href":"https:\/\/api.w.org\/{rel}","templated":true}]}}